n 18083 is divided by 17336.
747
Calculate the remainder when 1719995 is divided by 339.
248
Calculate the remainder when 31550171 is divided by 18.
5
What is the remainder when 8843980 is divided by 119513?
18
Calculate the remainder when 150881 is divided by 49234.
3179
What is the remainder when 17979078 is divided by 980?
978
What is the remainder when 792868 is divided by 9909?
148
Calculate the remainder when 1728674 is divided by 2531.
1
What is the remainder when 360825 is divided by 180356?
113
Calculate the remainder when 626705 is divided by 846.
665
What is the remainder when 51916498 is divided by 68?
62
Calculate the remainder when 12240080 is divided by 2331.
2330
Calculate the remainder when 919565 is divided by 586.
131
What is the remainder when 1063298 is divided by 2593?
168
Calculate the remainder when 21540 is divided by 10636.
268
Calculate the remainder when 235736147 is divided by 1829.
1824
What is the remainder when 1165609 is divided by 72845?
89
Calculate the remainder when 278704 is divided by 55.
19
What is the remainder when 4526573 is divided by 1001?
51
Calculate the remainder when 475200 is divided by 237185.
830
What is the remainder when 26367 is divided by 6449?
571
What is the remainder when 19690460 is divided by 3041?
3026
Calculate the remainder when 1112005 is divided by 91.
76
Calculate the remainder when 1455585 is divided by 236.
173
Calculate the remainder when 16512689 is divided by 24001.
1
Calculate the remainder when 314246 is divided by 398.
224
What is the remainder when 6619605 is divided by 735509?
24
What is the remainder when 13657 is divided by 17?
6
What is the remainder when 2466930 is divided by 12782?
4
Calculate the remainder when 18839876 is divided by 90.
86
Calculate the remainder when 20236684 is divided by 70511.
27
Calculate the remainder when 43689253 is divided by 29.
28
Calculate the remainder when 2538700 is divided by 309.
265
Calculate the remainder when 317166 is divided by 45306.
24
What is the remainder when 11644773 is divided by 2574?
2571
Calculate the remainder when 22768645 is divided by 2529849.
4
What is the remainder when 152045590 is divided by 15147?
4
Calculate the remainder when 44641656 is divided by 2380.
2376
Calculate the remainder when 1181346 is divided by 723.
687
What is the remainder when 8491156 is divided by 113?
110
Calculate the remainder when 1422087 is divided by 135.
132
Calculate the remainder when 626095 is divided by 313045.
5
Calculate the remainder when 90888 is divided by 561.
6
What is the remainder when 111324 is divided by 2258?
682
What is the remainder when 17118 is divided by 14786?
2332
Calculate the remainder when 87224 is divided by 1742.
124
Calculate the remainder when 8141360 is divided by 369.
113
Calculate the remainder when 1985778 is divided by 3546.
18
Calculate the remainder when 5318486 is divided by 166.
12
What is the remainder when 54006 is divided by 563?
521
What is the remainder when 396201 is divided by 219?
30
What is the remainder when 1164537 is divided by 3356?
5
Calculate the remainder when 279973 is divided by 425.
323
What is the remainder when 4012208 is divided by 832?
304
What is the remainder when 2791682 is divided by 1114?
1112
What is the remainder when 6515273 is divided by 3314?
3263
What is the remainder when 32602 is divided by 2703?
166
What is the remainder when 98752 is divided by 1787?
467
What is the remainder when 9705974 is divided by 118?
2
Calculate the remainder when 191832 is divided by 23718.
2088
What is the remainder when 38758 is divided by 3869?
68
Calculate the remainder when 15037635 is divided by 1987.
19
What is the remainder when 150654 is divided by 731?
68
What is the remainder when 658291622 is divided by 9223?
9220
Calculate the remainder when 285342096 is divided by 71335519.
20
Calculate the remainder when 142909 is divided by 633.
484
Calculate the remainder when 4845699 is divided by 159.
15
Calculate the remainder when 963872914 is divided by 49.
39
Calculate the remainder when 24117370 is divided by 8039120.
10
Calculate the remainder when 99830629 is divided by 188.
185
Calculate the remainder when 7636681 is divided by 13.
0
What is the remainder when 38216 is divided by 2982?
2432
What is the remainder when 21176 is divided by 324?
116
Calculate the remainder when 36120268 is divided by 30.
28
Calculate the remainder when 11307890 is divided by 14.
6
Calculate the remainder when 6108721 is divided by 179666.
77
What is the remainder when 142586 is divided by 44143?
10157
Calculate the remainder when 1092218703 is divided by 817.
815
Calculate the remainder when 30480747 is divided by 10782.
33
What is the remainder when 86359 is divided by 28743?
130
Calculate the remainder when 647151 is divided by 1865.
1861
What is the remainder when 111931915 is divided by 3?
1
Calculate the remainder when 335745399 is divided by 8446.
7
What is the remainder when 3585013 is divided by 275769?
16
Calculate the remainder when 192040 is divided by 11805.
3160
What is the remainder when 1920500 is divided by 640100?
200
What is the remainder when 102637 is divided by 25604?
221
What is the remainder when 555149 is divided by 125?
24
Calculate the remainder when 5973164 is divided by 1314.
1034
What is the remainder when 268417 is divided by 1509?
1324
Calculate the remainder when 24148 is divided by 730.
58
What is the remainder when 101756476 is divided by 482?
10
What is the remainder when 999973 is divided by 3906?
37
What is the remainder when 2185630 is divided by 1537?
16
What is the remainder when 729972 is divided by 1524?
1500
Calculate the remainder when 25106 is divided by 11279.
2548
Calculate the remainder when 2392383 is divided by 180.
3
What is the remainder when 2261271 is divided by 7?
5
What is the remainder when 2334634 is divided by 24?
10
Calculate the remainder when 673070 is divided by 168217.
202
Calculate the remainder when 6191934 is divided by 12141.
24
What is the remainder when 14827997 is divided by 2200?
2197
Calculate the remainder when 23796 is divided by 273.
45
What is the remainder when 341513 is divided by 37943?
26
What is the remainder when 1689562635 is divided by 27?
24
What is the remainder when 18013228 is divided by 396?
376
What is the remainder when 117860 is divided by 111984?
5876
What is the remainder when 1220482 is divided by 610232?
18
What is the remainder when 186702 is divided by 184969?
1733
Calculate the remainder when 138671867 is divided by 39.
35
What is the remainder when 25139708 is divided by 768?
764
Calculate the remainder when 29284679 is divided by 311539.
13
Calculate the remainder when 346313 is divided by 481.
474
Calculate the remainder when 20161883 is divided by 34.
19
What is the remainder when 4344999 is divided by 228683?
22
Calculate the remainder when 106527 is divided by 52995.
537
What is the remainder when 866034 is divided by 298?
46
What is the remainder when 135895617 is divided by 294?
291
Calculate the remainder when 27359 is divided by 1508.
215
Calculate the remainder when 2463464 is divided by 2596.
2456
Calculate the remainder when 526662 is divided by 301.
213
Calculate the remainder when 1079368 is divided by 874.
852
Calculate the remainder when 77485251 is divided by 6369.
6366
What is the remainder when 14077 is divided by 832?
765
Calculate the remainder when 71306 is divided by 2095.
76
Calculate the remainder when 47078844 is divided by 415.
414
Calculate the remainder when 34264 is divided by 109.
38
What is the remainder when 601297 is divided by 359?
331
What is the remainder when 16396206 is divided by 1165?
1161
What is the remainder when 249029 is divided by 975?
404
What is the remainder when 34332321 is divided by 7237?
7230
Calculate the remainder when 3144235 is divided by 60.
55
Calculate the remainder when 11192373 is divided by 5596132.
109
What is the remainder when 17870800 is divided by 8935162?
476
Calculate the remainder when 835622 is divided by 204.
38
Calculate the remainder when 5531192 is divided by 2765554.
84
What is the remainder when 244059 is divided by 34316?
3847
What is the remainder when 14119428 is divided by 65?
63
Calculate the remainde